{"id":1045,"date":"2025-12-27T20:53:45","date_gmt":"2025-12-27T19:53:45","guid":{"rendered":"https:\/\/zagalak.rezerwuj-zabieg.pl\/?page_id=1045"},"modified":"2026-01-05T15:03:08","modified_gmt":"2026-01-05T14:03:08","slug":"praca","status":"publish","type":"page","link":"https:\/\/zagalak.pl\/?page_id=1045","title":{"rendered":"Praca"},"content":{"rendered":"<div class=\"wpb-content-wrapper\"><p>[vc_row full_width=&#8221;stretch_row&#8221; content_placement=&#8221;middle&#8221; css=&#8221;.vc_custom_1766345667121{padding-top: 50px !important;background-color: #F1F8FF !important;}&#8221;][vc_column width=&#8221;7\/12&#8243; ct_column_class=&#8221;rm-padding-lg&#8221; css=&#8221;.vc_custom_1544860888100{padding-top: 0px !important;padding-right: 50px !important;padding-bottom: 0px !important;}&#8221;][ct_heading text=&#8221;Do\u0142\u0105cz do zespo\u0142u pasjonat\u00f3w stomatologii&#8221; font_weight=&#8221;&#8221; text_color=&#8221;#2E5688&#8243; subtitle=&#8221;Praca&#8221; description=&#8221;Szukasz miejsca pracy, kt\u00f3re b\u0119dzie nie tylko \u017ar\u00f3d\u0142em dochodu, ale prawdziw\u0105 przestrzeni\u0105 rozwoju zawodowego? Klinika Zagalak to wi\u0119cej ni\u017c miejsce pracy \u2013 to \u015brodowisko, w kt\u00f3rym Twoja pasja do stomatologii mo\u017ce rozkwitn\u0105\u0107 w pe\u0142ni, a ambicje zawodowe znale\u017a\u0107 praktyczn\u0105 realizacj\u0119.&#8221; description_line_height=&#8221;30&#8243; description_color=&#8221;#2E5688&#8243; margin_top=&#8221;25&#8243; margin_bottom=&#8221;16&#8243;][\/vc_column][vc_column width=&#8221;5\/12&#8243; css=&#8221;.vc_custom_1544860883634{padding-top: 0px !important;padding-bottom: 0px !important;}&#8221;][vc_single_image image=&#8221;1116&#8243; img_size=&#8221;full&#8221; alignment=&#8221;right&#8221; css_animation=&#8221;none&#8221; css=&#8221;.vc_custom_1767022123612{margin-bottom: 0px !important;}&#8221; ct_image_align_md=&#8221;image_align_sm_center&#8221; ct_image_align=&#8221;image_align_xs_center&#8221;][\/vc_column][\/vc_row][vc_row full_width=&#8221;stretch_row&#8221; css=&#8221;.vc_custom_1766865217239{padding-top: 56px !important;padding-bottom: 120px !important;background-color: #FAFCFF !important;}&#8221;][vc_column width=&#8221;1\/2&#8243; ct_column_class=&#8221;rm-padding-md&#8221; css=&#8221;.vc_custom_1545195619725{padding-top: 64px !important;padding-right: 35px !important;}&#8221;][ct_contact_form id=&#8221;518&#8243; form_style=&#8221;modern&#8221; sub_title=&#8221;Masz pytania? Chcesz si\u0119 zapisa\u0107 na wizyt\u0119?&#8221; title=&#8221;Skontaktuj si\u0119 z nami&#8221;][\/vc_column][vc_column width=&#8221;1\/2&#8243; ct_column_class=&#8221;rm-padding-md&#8221; css=&#8221;.vc_custom_1545195625522{padding-top: 64px !important;padding-left: 35px !important;}&#8221;][vc_single_image image=&#8221;861&#8243; img_size=&#8221;full&#8221; alignment=&#8221;center&#8221; css=&#8221;.vc_custom_1766332765737{margin-bottom: 46px !important;}&#8221;][ct_heading text=&#8221;Klinika Zagalak&#8221; font_size=&#8221;50&#8243; font_size_md=&#8221;50&#8243; font_size_sm=&#8221;36&#8243; font_size_xs=&#8221;32&#8243; font_weight=&#8221;&#8221; description=&#8221;W Klinice Zagalak jako\u015b\u0107 nie jest celem \u2013 jest standardem. Ka\u017cdy etap leczenia, od pierwszej konsultacji po finaln\u0105 kontrol\u0119, realizujemy z najwy\u017csz\u0105 staranno\u015bci\u0105 i dba\u0142o\u015bci\u0105 o szczeg\u00f3\u0142y. Wykorzystujemy wy\u0142\u0105cznie sprawdzone materia\u0142y i technologie o potwierdzonej skuteczno\u015bci klinicznej. Bezpiecze\u0144stwo procedur medycznych weryfikujemy w oparciu o najnowsze badania naukowe i mi\u0119dzynarodowe standardy.&#8221; description_color=&#8221;#2E5688&#8243; margin_top=&#8221;4&#8243; margin_bottom=&#8221;20&#8243;][\/vc_column][\/vc_row]<\/p>\n<\/div>","protected":false},"excerpt":{"rendered":"<p>[vc_row full_width=&#8221;stretch_row&#8221; content_placement=&#8221;middle&#8221; css=&#8221;.vc_custom_1766345667121{padding-top: 50px !important;background-color: #F1F8FF !important;}&#8221;][vc_column width=&#8221;7\/12&#8243; ct_column_class=&#8221;rm-padding-lg&#8221; css=&#8221;.vc_custom_1544860888100{padding-top: 0px !important;padding-right: 50px !important;padding-bottom: 0px !important;}&#8221;][ct_heading text=&#8221;Do\u0142\u0105cz do zespo\u0142u pasjonat\u00f3w stomatologii&#8221; font_weight=&#8221;&#8221; text_color=&#8221;#2E5688&#8243; subtitle=&#8221;Praca&#8221; description=&#8221;Szukasz miejsca pracy, kt\u00f3re b\u0119dzie nie tylko \u017ar\u00f3d\u0142em dochodu, ale prawdziw\u0105 przestrzeni\u0105 rozwoju zawodowego? Klinika Zagalak to wi\u0119cej ni\u017c miejsce pracy \u2013 to \u015brodowisko, w kt\u00f3rym Twoja pasja do stomatologii [&hellip;]<\/p>\n","protected":false},"author":1,"featured_media":0,"parent":0,"menu_order":0,"comment_status":"closed","ping_status":"closed","template":"","meta":{"footnotes":""},"class_list":["post-1045","page","type-page","status-publish","hentry"],"yoast_head":"<!-- This site is optimized with the Yoast SEO plugin v27.5 - https:\/\/yoast.com\/product\/yoast-seo-wordpress\/ -->\n<title>Praca - Zagalak<\/title>\n<meta name=\"robots\" content=\"index, follow, max-snippet:-1, max-image-preview:large, max-video-preview:-1\" \/>\n<link rel=\"canonical\" href=\"https:\/\/zagalak.pl\/?page_id=1045\" \/>\n<meta property=\"og:locale\" content=\"en_US\" \/>\n<meta property=\"og:type\" content=\"article\" \/>\n<meta property=\"og:title\" content=\"Praca - Zagalak\" \/>\n<meta property=\"og:description\" content=\"[vc_row full_width=&#8221;stretch_row&#8221; content_placement=&#8221;middle&#8221; css=&#8221;.vc_custom_1766345667121{padding-top: 50px !important;background-color: #F1F8FF !important;}&#8221;][vc_column width=&#8221;7\/12&#8243; ct_column_class=&#8221;rm-padding-lg&#8221; css=&#8221;.vc_custom_1544860888100{padding-top: 0px !important;padding-right: 50px !important;padding-bottom: 0px !important;}&#8221;][ct_heading text=&#8221;Do\u0142\u0105cz do zespo\u0142u pasjonat\u00f3w stomatologii&#8221; font_weight=&#8221;&#8221; text_color=&#8221;#2E5688&#8243; subtitle=&#8221;Praca&#8221; description=&#8221;Szukasz miejsca pracy, kt\u00f3re b\u0119dzie nie tylko \u017ar\u00f3d\u0142em dochodu, ale prawdziw\u0105 przestrzeni\u0105 rozwoju zawodowego? Klinika Zagalak to wi\u0119cej ni\u017c miejsce pracy \u2013 to \u015brodowisko, w kt\u00f3rym Twoja pasja do stomatologii [&hellip;]\" \/>\n<meta property=\"og:url\" content=\"https:\/\/zagalak.pl\/?page_id=1045\" \/>\n<meta property=\"og:site_name\" content=\"Zagalak\" \/>\n<meta property=\"article:modified_time\" content=\"2026-01-05T14:03:08+00:00\" \/>\n<meta name=\"twitter:card\" content=\"summary_large_image\" \/>\n<meta name=\"twitter:label1\" content=\"Est. reading time\" \/>\n\t<meta name=\"twitter:data1\" content=\"2 minutes\" \/>\n<script type=\"application\/ld+json\" class=\"yoast-schema-graph\">{\"@context\":\"https:\\\/\\\/schema.org\",\"@graph\":[{\"@type\":\"WebPage\",\"@id\":\"https:\\\/\\\/zagalak.pl\\\/?page_id=1045\",\"url\":\"https:\\\/\\\/zagalak.pl\\\/?page_id=1045\",\"name\":\"Praca - Zagalak\",\"isPartOf\":{\"@id\":\"https:\\\/\\\/zagalak.pl\\\/#website\"},\"datePublished\":\"2025-12-27T19:53:45+00:00\",\"dateModified\":\"2026-01-05T14:03:08+00:00\",\"breadcrumb\":{\"@id\":\"https:\\\/\\\/zagalak.pl\\\/?page_id=1045#breadcrumb\"},\"inLanguage\":\"en-US\",\"potentialAction\":[{\"@type\":\"ReadAction\",\"target\":[\"https:\\\/\\\/zagalak.pl\\\/?page_id=1045\"]}]},{\"@type\":\"BreadcrumbList\",\"@id\":\"https:\\\/\\\/zagalak.pl\\\/?page_id=1045#breadcrumb\",\"itemListElement\":[{\"@type\":\"ListItem\",\"position\":1,\"name\":\"Home\",\"item\":\"https:\\\/\\\/zagalak.pl\\\/\"},{\"@type\":\"ListItem\",\"position\":2,\"name\":\"Praca\"}]},{\"@type\":\"WebSite\",\"@id\":\"https:\\\/\\\/zagalak.pl\\\/#website\",\"url\":\"https:\\\/\\\/zagalak.pl\\\/\",\"name\":\"Zagalak Klinika\",\"description\":\"Wszystkie wizyty stomatologiczne b\u0119d\u0105 umawiane wy\u0142\u0105cznie drog\u0105 telefoniczn\u0105 pod numerami 525824750 oraz w godzinach 9.00 \u2013 14.00. W trakcie rozmowy\u2026 Read More ...\",\"publisher\":{\"@id\":\"https:\\\/\\\/zagalak.pl\\\/#organization\"},\"alternateName\":\"Zagalak Klinika\",\"potentialAction\":[{\"@type\":\"SearchAction\",\"target\":{\"@type\":\"EntryPoint\",\"urlTemplate\":\"https:\\\/\\\/zagalak.pl\\\/?s={search_term_string}\"},\"query-input\":{\"@type\":\"PropertyValueSpecification\",\"valueRequired\":true,\"valueName\":\"search_term_string\"}}],\"inLanguage\":\"en-US\"},{\"@type\":\"Organization\",\"@id\":\"https:\\\/\\\/zagalak.pl\\\/#organization\",\"name\":\"Zagalak\",\"url\":\"https:\\\/\\\/zagalak.pl\\\/\",\"logo\":{\"@type\":\"ImageObject\",\"inLanguage\":\"en-US\",\"@id\":\"https:\\\/\\\/zagalak.pl\\\/#\\\/schema\\\/logo\\\/image\\\/\",\"url\":\"https:\\\/\\\/zagalak.pl\\\/wp-content\\\/uploads\\\/2026\\\/04\\\/images.jpg\",\"contentUrl\":\"https:\\\/\\\/zagalak.pl\\\/wp-content\\\/uploads\\\/2026\\\/04\\\/images.jpg\",\"width\":217,\"height\":232,\"caption\":\"Zagalak\"},\"image\":{\"@id\":\"https:\\\/\\\/zagalak.pl\\\/#\\\/schema\\\/logo\\\/image\\\/\"}}]}<\/script>\n<!-- \/ Yoast SEO plugin. -->","yoast_head_json":{"title":"Praca - Zagalak","robots":{"index":"index","follow":"follow","max-snippet":"max-snippet:-1","max-image-preview":"max-image-preview:large","max-video-preview":"max-video-preview:-1"},"canonical":"https:\/\/zagalak.pl\/?page_id=1045","og_locale":"en_US","og_type":"article","og_title":"Praca - Zagalak","og_description":"[vc_row full_width=&#8221;stretch_row&#8221; content_placement=&#8221;middle&#8221; css=&#8221;.vc_custom_1766345667121{padding-top: 50px !important;background-color: #F1F8FF !important;}&#8221;][vc_column width=&#8221;7\/12&#8243; ct_column_class=&#8221;rm-padding-lg&#8221; css=&#8221;.vc_custom_1544860888100{padding-top: 0px !important;padding-right: 50px !important;padding-bottom: 0px !important;}&#8221;][ct_heading text=&#8221;Do\u0142\u0105cz do zespo\u0142u pasjonat\u00f3w stomatologii&#8221; font_weight=&#8221;&#8221; text_color=&#8221;#2E5688&#8243; subtitle=&#8221;Praca&#8221; description=&#8221;Szukasz miejsca pracy, kt\u00f3re b\u0119dzie nie tylko \u017ar\u00f3d\u0142em dochodu, ale prawdziw\u0105 przestrzeni\u0105 rozwoju zawodowego? Klinika Zagalak to wi\u0119cej ni\u017c miejsce pracy \u2013 to \u015brodowisko, w kt\u00f3rym Twoja pasja do stomatologii [&hellip;]","og_url":"https:\/\/zagalak.pl\/?page_id=1045","og_site_name":"Zagalak","article_modified_time":"2026-01-05T14:03:08+00:00","twitter_card":"summary_large_image","twitter_misc":{"Est. reading time":"2 minutes"},"schema":{"@context":"https:\/\/schema.org","@graph":[{"@type":"WebPage","@id":"https:\/\/zagalak.pl\/?page_id=1045","url":"https:\/\/zagalak.pl\/?page_id=1045","name":"Praca - Zagalak","isPartOf":{"@id":"https:\/\/zagalak.pl\/#website"},"datePublished":"2025-12-27T19:53:45+00:00","dateModified":"2026-01-05T14:03:08+00:00","breadcrumb":{"@id":"https:\/\/zagalak.pl\/?page_id=1045#breadcrumb"},"inLanguage":"en-US","potentialAction":[{"@type":"ReadAction","target":["https:\/\/zagalak.pl\/?page_id=1045"]}]},{"@type":"BreadcrumbList","@id":"https:\/\/zagalak.pl\/?page_id=1045#breadcrumb","itemListElement":[{"@type":"ListItem","position":1,"name":"Home","item":"https:\/\/zagalak.pl\/"},{"@type":"ListItem","position":2,"name":"Praca"}]},{"@type":"WebSite","@id":"https:\/\/zagalak.pl\/#website","url":"https:\/\/zagalak.pl\/","name":"Zagalak Klinika","description":"Wszystkie wizyty stomatologiczne b\u0119d\u0105 umawiane wy\u0142\u0105cznie drog\u0105 telefoniczn\u0105 pod numerami 525824750 oraz w godzinach 9.00 \u2013 14.00. W trakcie rozmowy\u2026 Read More ...","publisher":{"@id":"https:\/\/zagalak.pl\/#organization"},"alternateName":"Zagalak Klinika","potentialAction":[{"@type":"SearchAction","target":{"@type":"EntryPoint","urlTemplate":"https:\/\/zagalak.pl\/?s={search_term_string}"},"query-input":{"@type":"PropertyValueSpecification","valueRequired":true,"valueName":"search_term_string"}}],"inLanguage":"en-US"},{"@type":"Organization","@id":"https:\/\/zagalak.pl\/#organization","name":"Zagalak","url":"https:\/\/zagalak.pl\/","logo":{"@type":"ImageObject","inLanguage":"en-US","@id":"https:\/\/zagalak.pl\/#\/schema\/logo\/image\/","url":"https:\/\/zagalak.pl\/wp-content\/uploads\/2026\/04\/images.jpg","contentUrl":"https:\/\/zagalak.pl\/wp-content\/uploads\/2026\/04\/images.jpg","width":217,"height":232,"caption":"Zagalak"},"image":{"@id":"https:\/\/zagalak.pl\/#\/schema\/logo\/image\/"}}]}},"_links":{"self":[{"href":"https:\/\/zagalak.pl\/index.php?rest_route=\/wp\/v2\/pages\/1045","targetHints":{"allow":["GET"]}}],"collection":[{"href":"https:\/\/zagalak.pl\/index.php?rest_route=\/wp\/v2\/pages"}],"about":[{"href":"https:\/\/zagalak.pl\/index.php?rest_route=\/wp\/v2\/types\/page"}],"author":[{"embeddable":true,"href":"https:\/\/zagalak.pl\/index.php?rest_route=\/wp\/v2\/users\/1"}],"replies":[{"embeddable":true,"href":"https:\/\/zagalak.pl\/index.php?rest_route=%2Fwp%2Fv2%2Fcomments&post=1045"}],"version-history":[{"count":5,"href":"https:\/\/zagalak.pl\/index.php?rest_route=\/wp\/v2\/pages\/1045\/revisions"}],"predecessor-version":[{"id":1247,"href":"https:\/\/zagalak.pl\/index.php?rest_route=\/wp\/v2\/pages\/1045\/revisions\/1247"}],"wp:attachment":[{"href":"https:\/\/zagalak.pl\/index.php?rest_route=%2Fwp%2Fv2%2Fmedia&parent=1045"}],"curies":[{"name":"wp","href":"https:\/\/api.w.org\/{rel}","templated":true}]}}